s of 2994.
2, 3, 499
What are the prime factors of 23564?
2, 43, 137
What are the prime factors of 65385?
3, 5, 1453
What are the prime factors of 8788?
2, 13
List the prime factors of 2034.
2, 3, 113
List the prime factors of 34242.
2, 3, 13, 439
What are the prime factors of 25759?
25759
List the prime factors of 1220.
2, 5, 61
List the prime factors of 17975.
5, 719
What are the prime factors of 53721?
3, 47, 127
List the prime factors of 22829.
37, 617
What are the prime factors of 18556?
2, 4639
List the prime factors of 128232.
2, 3, 13, 137
List the prime factors of 52.
2, 13
List the prime factors of 9291.
3, 19, 163
List the prime factors of 31870.
2, 5, 3187
What are the prime factors of 30937?
30937
List the prime factors of 34404.
2, 3, 47, 61
What are the prime factors of 11343?
3, 19, 199
What are the prime factors of 77955?
3, 5, 5197
What are the prime factors of 2485?
5, 7, 71
What are the prime factors of 7592?
2, 13, 73
What are the prime factors of 25936?
2, 1621
What are the prime factors of 1537?
29, 53
What are the prime factors of 1459?
1459
What are the prime factors of 4143?
3, 1381
List the prime factors of 32065.
5, 11, 53
What are the prime factors of 3699?
3, 137
List the prime factors of 12005.
5, 7
What are the prime factors of 15128?
2, 31, 61
List the prime factors of 1640.
2, 5, 41
What are the prime factors of 5428?
2, 23, 59
What are the prime factors of 7195?
5, 1439
List the prime factors of 7872.
2, 3, 41
List the prime factors of 740.
2, 5, 37
List the prime factors of 977.
977
What are the prime factors of 738?
2, 3, 41
What are the prime factors of 4797?
3, 13, 41
What are the prime factors of 938?
2, 7, 67
What are the prime factors of 118254?
2, 3, 19709
What are the prime factors of 885?
3, 5, 59
List the prime factors of 20308.
2, 5077
What are the prime factors of 2355?
3, 5, 157
What are the prime factors of 1929?
3, 643
What are the prime factors of 298?
2, 149
What are the prime factors of 129799?
293, 443
List the prime factors of 1258.
2, 17, 37
What are the prime factors of 59853?
3, 71, 281
What are the prime factors of 1931?
1931
List the prime factors of 2535.
3, 5, 13
What are the prime factors of 39067?
7, 5581
List the prime factors of 15753.
3, 59, 89
What are the prime factors of 4433?
11, 13, 31
List the prime factors of 47746.
2, 23873
List the prime factors of 17812.
2, 61, 73
What are the prime factors of 2433?
3, 811
List the prime factors of 49209.
3, 47, 349
List the prime factors of 18139.
11, 17, 97
List the prime factors of 53096.
2, 6637
List the prime factors of 682.
2, 11, 31
List the prime factors of 4553.
29, 157
List the prime factors of 2133.
3, 79
What are the prime factors of 4483?
4483
What are the prime factors of 1570?
2, 5, 157
List the prime factors of 1330.
2, 5, 7, 19
What are the prime factors of 10554?
2, 3, 1759
What are the prime factors of 603?
3, 67
What are the prime factors of 3986?
2, 1993
List the prime factors of 51841.
47, 1103
What are the prime factors of 8629?
8629
List the prime factors of 21246.
2, 3, 3541
What are the prime factors of 1323?
3, 7
What are the prime factors of 1577?
19, 83
List the prime factors of 53.
53
List the prime factors of 703.
19, 37
List the prime factors of 1011.
3, 337
List the prime factors of 1033.
1033
List the prime factors of 9697.
9697
What are the prime factors of 7176?
2, 3, 13, 23
What are the prime factors of 5294?
2, 2647
What are the prime factors of 1439?
1439
List the prime factors of 100769.
100769
List the prime factors of 1220.
2, 5, 61
List the prime factors of 4939.
11, 449
List the prime factors of 1394.
2, 17, 41
What are the prime factors of 9929?
9929
List the prime factors of 12663.
3, 7, 67
List the prime factors of 7314.
2, 3, 23, 53
What are the prime factors of 14724?
2, 3, 409
What are the prime factors of 31505?
5, 6301
List the prime factors of 1701.
3, 7
What are the prime factors of 1731?
3, 577
What are the prime factors of 11665?
5, 2333
List the prime factors of 13102.
2, 6551
What are the prime factors of 1580?
2, 5, 79
List the prime factors of 7623.
3, 7, 11
List the prime factors of 837.
3, 31
List the prime factors of 13382.
2, 6691
What are the prime factors of 1837?
11, 167
What are the prime factors of 2702?
2, 7, 193
List the prime factors of 37100.
2, 5, 7, 53
List the prime factors of 3771.
3, 419
What are the prime factors of 28079?
43, 653
List the prime factors of 149714.
2, 74857
What are the prime factors of 40787?
40787
List the prime factors of 52426.
2, 11, 2383
What are the prime factors of 774?
2, 3, 43
List the prime factors of 69335.
5, 7, 283
What are the prime factors of 5201?
7, 743
What are the prime factors of 5693?
5693
List the prime factors of 99750.
2, 3, 5, 7, 19
What are the prime factors of 1586?
2, 13, 61
List the prime factors of 79033.
17, 4649
List the prime factors of 313.
313
List the prime factors of 1291.
1291
List the prime factors of 1593.
3, 59
What are the prime factors of 59170?
2, 5, 61, 97
What are the prime factors of 1665?
3, 5, 37
What are the prime factors of 19515?
3, 5, 1301
List the prime factors of 278.
2, 139
List the prime factors of 16581.
3, 5527
List the prime factors of 43511.
13, 3347
List the prime factors of 6586.
2, 37, 89
List the prime factors of 35916.
2, 3, 41, 73
What are the prime factors of 3489?
3, 1163
List the prime factors of 10472.
2, 7, 11, 17
What are the prime factors of 11947?
13, 919
List the prime factors of 1409.
1409
What are the prime factors of 1026?
2, 3, 19
List the prime factors of 2072.
2, 7, 37
What are the prime factors of 229?
229
List the prime factors of 104664.
2, 3, 7, 89
List the prime factors of 5745.
3, 5, 383
List the prime factors of 1185.
3, 5, 79
List the prime factors of 29310.
2, 3, 5, 977
List the prime factors of 16873.
47, 359
List the prime factors of 936.
2, 3, 13
List the prime factors of 735.
3, 5, 7
List the prime factors of 2687.
2687
What are the prime factors of 128?
2
What are the prime factors of 1149?
3, 383
What are the prime factors of 6951?
3, 7, 331
List the prime factors of 3004.
2, 751
List the prime factors of 984.
2, 3, 41
List the prime factors of 28998.
2, 3, 179
List the prime factors of 5913.
3, 73
List the prime factors of 65.
5, 13
What are the prime factors of 647?
647
List the prime factors of 13476.
2, 3, 1123
What are the prime factors of 3764?
2, 941
List the prime factors of 8947.
23, 389
List the prime factors of 1718.
2, 859
List the prime factors of 3307.
3307
What are the prime factors of 842?
2, 421
List the prime factors of 89058.
2, 3, 14843
List the prime factors of 1129.
1129
List the prime factors of 3353.
7, 479
List the prime factors of 37578.
2, 3, 6263
What are the prime factors of 5428?
2, 23, 59
List the prime factors of 13129.
19, 691
List the prime factors of 1584.
2, 3, 11
What are the prime factors of 18138?
2, 3, 3023
List the prime factors of 3491.
3491
List the prime factors of 19933.
31, 643
List the prime factors of 2298.
2, 3, 383
List the prime factors of 333.
3, 37
What are the prime factors of 26852?
2, 7, 137
What are the prime factors of 26018?
2, 13009
What are the prime factors of 33143?
11, 23, 131
What are the prime factors of 954?
2, 3, 53
What are the prime factors of 33774?
2, 3, 13, 433
List the prime factors of 4732.
2, 7, 13
What are the prime factors of 6725?
5, 269
List the prime factors of 2062.
2, 1031
List the prime factors of 397.
397
What are the prime factors of 6574?
2, 19, 173
What are the prime factors of 4875?
3, 5, 13
What are the prime factors of 120?
2, 3, 5
List the prime factors of 3009.
3, 17, 59
List the prime factors of 723.
3, 241
What are the prime factors of 6286?
2, 7, 449
List the prime factors of 162.
2, 3
What are the prime factors of 531?
3, 59
List the prime factors of 1475.
5, 59
List the prime factors of 9919.
7, 13, 109
What are the prime factors of 5444?
2, 1361
List the prime factors of 10285.
5, 11, 17
What are the prime factors of 57352?
2, 67, 107
What are the prime factors of 12953?
12953
List the prime factors of 783.
3, 29
What are the prime factors of 725?
5, 29
What are the prime factors of 23787?
3, 881
List the prime factors of 884.
2, 13, 17
List 